{"id":182,"date":"2016-07-27T15:14:21","date_gmt":"2016-07-27T13:14:21","guid":{"rendered":"http:\/\/www.haug-mode.de\/?page_id=182"},"modified":"2018-02-20T11:52:43","modified_gmt":"2018-02-20T10:52:43","slug":"geschichte","status":"publish","type":"page","link":"https:\/\/www.haug-mode.de\/?page_id=182","title":{"rendered":"\u00dcber uns"},"content":{"rendered":"<p>[et_pb_section admin_label=&#8220;Sektion&#8220; fullwidth=&#8220;on&#8220; specialty=&#8220;off&#8220;][et_pb_fullwidth_header admin_label=&#8220;Modehaus Haug Kirchheim \/ Teck&#8220; title=&#8220;\u00dcber uns&#8220; background_layout=&#8220;dark&#8220; text_orientation=&#8220;left&#8220; header_fullscreen=&#8220;off&#8220; header_scroll_down=&#8220;off&#8220; background_color=&#8220;#8c368c&#8220; parallax=&#8220;off&#8220; parallax_method=&#8220;off&#8220; content_orientation=&#8220;center&#8220; image_orientation=&#8220;center&#8220; custom_button_one=&#8220;off&#8220; button_one_letter_spacing=&#8220;0&#8243; button_one_use_icon=&#8220;default&#8220; button_one_icon_placement=&#8220;right&#8220; button_one_on_hover=&#8220;on&#8220; button_one_letter_spacing_hover=&#8220;0&#8243; custom_button_two=&#8220;off&#8220; button_two_letter_spacing=&#8220;0&#8243; button_two_use_icon=&#8220;default&#8220; button_two_icon_placement=&#8220;right&#8220; button_two_on_hover=&#8220;on&#8220; button_two_letter_spacing_hover=&#8220;0&#8243;] [\/et_pb_fullwidth_header][\/et_pb_section][et_pb_section admin_label=&#8220;section&#8220; fullwidth=&#8220;off&#8220; specialty=&#8220;off&#8220; background_color=&#8220;#de007e&#8220; inner_shadow=&#8220;off&#8220; parallax=&#8220;off&#8220; transparent_background=&#8220;off&#8220; allow_player_pause=&#8220;off&#8220; parallax_method=&#8220;off&#8220; padding_mobile=&#8220;off&#8220; make_fullwidth=&#8220;off&#8220; use_custom_width=&#8220;off&#8220; width_unit=&#8220;on&#8220; make_equal=&#8220;off&#8220; use_custom_gutter=&#8220;off&#8220; custom_css_before=&#8220;content: &#8220;;|| position: absolute;|| bottom: -30px;|| left: 0;|| right: 0;|| height: 50px;||padding:0;|| background-size: 24px 48px;|| background-repeat: repeat-x;|| background-image: -webkit-linear-gradient(45deg, transparent 34%, #ffffff 34%, #ffffff 66%, transparent 66%), -webkit-linear-gradient(315deg, transparent 34%, #ffffff 34%, #ffffff 66%, transparent 66%);|| background-image: -moz-linear-gradient(45deg, transparent 34%, #ffffff 34%, #ffffff 66%, transparent 66%), -moz-linear-gradient(315deg, transparent 34%, #ffffff 34%, #ffffff 66%, transparent 66%);|| background-image: linear-gradient(45deg, transparent 34%, #ffffff 34%, #ffffff 66%, transparent 66%), linear-gradient(315deg, transparent 34%, #ffffff 34%, #ffffff 66%, transparent 66%);&#8220; custom_css_main_element=&#8220;width: 100%;|| height: 0px;|| position: relative;|| background: #ffffff;||margin-top:-90px;&#8220; disabled=&#8220;off&#8220; disabled_on=&#8220;off|off|off&#8220; module_class=&#8220;zickzack&#8220;][et_pb_row admin_label=&#8220;row&#8220;][et_pb_column type=&#8220;4_4&#8243;][et_pb_text admin_label=&#8220;Zickzack\u00fcbergang&#8220; background_layout=&#8220;light&#8220; text_orientation=&#8220;left&#8220; use_border_color=&#8220;off&#8220; border_color=&#8220;#ffffff&#8220; border_style=&#8220;solid&#8220;] [\/et_pb_text][\/et_pb_column][\/et_pb_row][\/et_pb_section][et_pb_section admin_label=&#8220;Sektion&#8220; fullwidth=&#8220;off&#8220; specialty=&#8220;off&#8220;][et_pb_row admin_label=&#8220;Zeile&#8220;][et_pb_column type=&#8220;1_3&#8243;][et_pb_text admin_label=&#8220;Geschichte&#8220; background_layout=&#8220;light&#8220; text_orientation=&#8220;left&#8220; use_border_color=&#8220;off&#8220; border_color=&#8220;#ffffff&#8220; border_style=&#8220;solid&#8220;]<\/p>\n<p><strong>Aktuelle Mode zu g\u00fcnstigen Preisen, eine freundliche und gute Beratung waren immer die Grundlage f\u00fcr viele zufriedene Kunden.<\/strong><\/p>\n<p>F\u00fcr das Familienunternehmen gelten diese Werte heute noch mehr denn je.<\/p>\n<p><strong>1900<\/strong> wurde von Robert Haug in N\u00fcrtingen eine Schneiderei gegr\u00fcndet.<\/p>\n<p><strong>1926<\/strong> der Sohn Hermann und dessen Ehefrau Elsa \u00fcbernahmen das Gesch\u00e4ft. Aus der Schneiderei entwickelte sich ein Modehaus f\u00fcr Damen und Herren.<\/p>\n<p><strong>1956<\/strong> trat Karl Haug, in das Unternehmen ein. Er er\u00f6ffnete die Filiale in der Alleenstrasse 54 in Kirchheim unter Teck.<\/p>\n<p>In den folgenden Jahrzehnten wurden von Karl und seiner Ehefrau Pia die Modeh\u00e4user in Kirchheim und N\u00fcrtingen mehrfach vergr\u00f6\u00dfert und modernisiert.<\/p>\n<p><strong>1991 <\/strong>trat mit Beate Haug die vierte Generation in das Familienunternehmen ein.<\/p>\n<p>&nbsp;<\/p>\n<p>&nbsp;<\/p>\n<p>&nbsp;<\/p>\n<p>&nbsp;<\/p>\n<p>&nbsp;<\/p>\n<p>&nbsp;<\/p>\n<p>[\/et_pb_text][\/et_pb_column][et_pb_column type=&#8220;1_3&#8243;][et_pb_text admin_label=&#8220;Modehaus Haug in N\u00fcrtingen&#8220; background_layout=&#8220;light&#8220; text_orientation=&#8220;left&#8220; use_border_color=&#8220;off&#8220; border_color=&#8220;#ffffff&#8220; border_style=&#8220;solid&#8220;]<\/p>\n<h3><strong><span style=\"color: #de007e;\">Modehaus Haug in N\u00fcrtingen<\/span><\/strong><\/h3>\n<p>[\/et_pb_text][et_pb_image admin_label=&#8220;Modehaus Haug N\u00fcrtingen im Jahr 1961&#8243; src=&#8220;https:\/\/www.haug-mode.de\/wp-content\/uploads\/2016\/07\/Nuertingen1961mJahr.jpg&#8220; alt=&#8220;Modehaus Haug N\u00fcrtingen im Jahr 1961&#8243; title_text=&#8220;Modehaus Haug N\u00fcrtingen im Jahr 1961&#8243; show_in_lightbox=&#8220;off&#8220; url_new_window=&#8220;off&#8220; use_overlay=&#8220;off&#8220; animation=&#8220;left&#8220; sticky=&#8220;off&#8220; align=&#8220;left&#8220; force_fullwidth=&#8220;off&#8220; always_center_on_mobile=&#8220;on&#8220; use_border_color=&#8220;off&#8220; border_color=&#8220;#ffffff&#8220; border_style=&#8220;solid&#8220;] [\/et_pb_image][et_pb_image admin_label=&#8220;Modehaus Haug N\u00fcrtingen im Jahr 1981&#8243; src=&#8220;https:\/\/www.haug-mode.de\/wp-content\/uploads\/2016\/07\/nuertingen1981mJahr.jpg&#8220; alt=&#8220;Modehaus Haug N\u00fcrtingen im Jahr 1981&#8243; title_text=&#8220;Modehaus Haug N\u00fcrtingen im Jahr 1981&#8243; show_in_lightbox=&#8220;off&#8220; url_new_window=&#8220;off&#8220; use_overlay=&#8220;off&#8220; animation=&#8220;left&#8220; sticky=&#8220;off&#8220; align=&#8220;left&#8220; force_fullwidth=&#8220;off&#8220; always_center_on_mobile=&#8220;on&#8220; use_border_color=&#8220;off&#8220; border_color=&#8220;#ffffff&#8220; border_style=&#8220;solid&#8220;] [\/et_pb_image][et_pb_image admin_label=&#8220;Modehaus Haug N\u00fcrtingen im Jahr 1991&#8243; src=&#8220;https:\/\/www.haug-mode.de\/wp-content\/uploads\/2016\/07\/nuertingen1991mJahr.jpg&#8220; alt=&#8220;Modehaus Haug N\u00fcrtingen im Jahr 1991&#8243; title_text=&#8220;Modehaus Haug N\u00fcrtingen im Jahr 1991&#8243; show_in_lightbox=&#8220;off&#8220; url_new_window=&#8220;off&#8220; use_overlay=&#8220;off&#8220; animation=&#8220;left&#8220; sticky=&#8220;off&#8220; align=&#8220;left&#8220; force_fullwidth=&#8220;off&#8220; always_center_on_mobile=&#8220;on&#8220; use_border_color=&#8220;off&#8220; border_color=&#8220;#ffffff&#8220; border_style=&#8220;solid&#8220;] [\/et_pb_image][\/et_pb_column][et_pb_column type=&#8220;1_3&#8243;][et_pb_text admin_label=&#8220;Modehaus Haug in Kirchheim&#8220; background_layout=&#8220;light&#8220; text_orientation=&#8220;left&#8220; use_border_color=&#8220;off&#8220; border_color=&#8220;#ffffff&#8220; border_style=&#8220;solid&#8220;]<\/p>\n<h3><span style=\"color: #de007e;\"><strong>Modehaus Haug in Kirchheim<\/strong><\/span><\/h3>\n<p>[\/et_pb_text][et_pb_image admin_label=&#8220;Modehaus Haug Kirchheim im Jahr 1956&#8243; src=&#8220;https:\/\/www.haug-mode.de\/wp-content\/uploads\/2016\/07\/Kirchheim1956mJahr.jpg&#8220; alt=&#8220;Modehaus Haug Kirchheim im Jahr 1956&#8243; title_text=&#8220;Modehaus Haug Kirchheim im Jahr 1956&#8243; show_in_lightbox=&#8220;off&#8220; url_new_window=&#8220;off&#8220; use_overlay=&#8220;off&#8220; animation=&#8220;left&#8220; sticky=&#8220;off&#8220; align=&#8220;left&#8220; force_fullwidth=&#8220;off&#8220; always_center_on_mobile=&#8220;on&#8220; use_border_color=&#8220;off&#8220; border_color=&#8220;#ffffff&#8220; border_style=&#8220;solid&#8220;] [\/et_pb_image][et_pb_image admin_label=&#8220;Modehaus Haug Kirchheim im Jahr 1972&#8243; src=&#8220;https:\/\/www.haug-mode.de\/wp-content\/uploads\/2016\/07\/Kirchheim1972mJahr.jpg&#8220; alt=&#8220;Modehaus Haug Kirchheim im Jahr 1972&#8243; title_text=&#8220;Modehaus Haug Kirchheim im Jahr 1972&#8243; show_in_lightbox=&#8220;off&#8220; url_new_window=&#8220;off&#8220; use_overlay=&#8220;off&#8220; animation=&#8220;left&#8220; sticky=&#8220;off&#8220; align=&#8220;left&#8220; force_fullwidth=&#8220;off&#8220; always_center_on_mobile=&#8220;on&#8220; use_border_color=&#8220;off&#8220; border_color=&#8220;#ffffff&#8220; border_style=&#8220;solid&#8220;] [\/et_pb_image][et_pb_image admin_label=&#8220;Modehaus Haug Kirchheim im Jahr 1999&#8243; src=&#8220;https:\/\/www.haug-mode.de\/wp-content\/uploads\/2016\/07\/Kirchheim1999mJ.jpg&#8220; alt=&#8220;Modehaus Haug Kirchheim im Jahr 1999&#8243; title_text=&#8220;Modehaus Haug Kirchheim im Jahr 1999&#8243; show_in_lightbox=&#8220;off&#8220; url_new_window=&#8220;off&#8220; use_overlay=&#8220;off&#8220; animation=&#8220;left&#8220; sticky=&#8220;off&#8220; align=&#8220;left&#8220; force_fullwidth=&#8220;off&#8220; always_center_on_mobile=&#8220;on&#8220; use_border_color=&#8220;off&#8220; border_color=&#8220;#ffffff&#8220; border_style=&#8220;solid&#8220;] [\/et_pb_image][\/et_pb_column][\/et_pb_row][\/et_pb_section]<\/p>\n","protected":false},"excerpt":{"rendered":"<p>Aktuelle Mode zu g\u00fcnstigen Preisen, eine freundliche und gute Beratung waren immer die Grundlage f\u00fcr viele zufriedene Kunden. F\u00fcr das Familienunternehmen gelten diese Werte heute noch mehr denn je. 1900 wurde von Robert Haug in N\u00fcrtingen eine Schneiderei gegr\u00fcndet. 1926 der Sohn Hermann und dessen Ehefrau Elsa \u00fcbernahmen das Gesch\u00e4ft. Aus der Schneiderei entwickelte sich [&hellip;]<\/p>\n","protected":false},"author":3,"featured_media":0,"parent":0,"menu_order":40,"comment_status":"closed","ping_status":"closed","template":"","meta":{"_et_pb_use_builder":"on","_et_pb_old_content":"","_et_gb_content_width":"","footnotes":""},"class_list":["post-182","page","type-page","status-publish","hentry"],"_links":{"self":[{"href":"https:\/\/www.haug-mode.de\/index.php?rest_route=\/wp\/v2\/pages\/182","targetHints":{"allow":["GET"]}}],"collection":[{"href":"https:\/\/www.haug-mode.de\/index.php?rest_route=\/wp\/v2\/pages"}],"about":[{"href":"https:\/\/www.haug-mode.de\/index.php?rest_route=\/wp\/v2\/types\/page"}],"author":[{"embeddable":true,"href":"https:\/\/www.haug-mode.de\/index.php?rest_route=\/wp\/v2\/users\/3"}],"replies":[{"embeddable":true,"href":"https:\/\/www.haug-mode.de\/index.php?rest_route=%2Fwp%2Fv2%2Fcomments&post=182"}],"version-history":[{"count":15,"href":"https:\/\/www.haug-mode.de\/index.php?rest_route=\/wp\/v2\/pages\/182\/revisions"}],"predecessor-version":[{"id":211,"href":"https:\/\/www.haug-mode.de\/index.php?rest_route=\/wp\/v2\/pages\/182\/revisions\/211"}],"wp:attachment":[{"href":"https:\/\/www.haug-mode.de\/index.php?rest_route=%2Fwp%2Fv2%2Fmedia&parent=182"}],"curies":[{"name":"wp","href":"https:\/\/api.w.org\/{rel}","templated":true}]}}