{"id":125,"date":"2016-07-13T10:13:13","date_gmt":"2016-07-13T08:13:13","guid":{"rendered":"http:\/\/www.haug-mode.de\/?page_id=125"},"modified":"2018-05-24T16:01:31","modified_gmt":"2018-05-24T14:01:31","slug":"impressum","status":"publish","type":"page","link":"https:\/\/www.haug-mode.de\/?page_id=125","title":{"rendered":"Impressum \/ Disclaimer"},"content":{"rendered":"<p>[et_pb_section bb_built=&#8220;1&#8243; fullwidth=&#8220;on&#8220; specialty=&#8220;off&#8220; next_background_color=&#8220;#de007e&#8220;][et_pb_fullwidth_header admin_label=&#8220;Impressum \/ Disclaimer&#8220; title=&#8220;Impressum \/ Disclaimer&#8220; background_layout=&#8220;dark&#8220; text_orientation=&#8220;left&#8220; header_fullscreen=&#8220;off&#8220; header_scroll_down=&#8220;off&#8220; background_color=&#8220;#8c368c&#8220; parallax=&#8220;off&#8220; parallax_method=&#8220;off&#8220; content_orientation=&#8220;center&#8220; image_orientation=&#8220;center&#8220; custom_button_one=&#8220;off&#8220; button_one_letter_spacing=&#8220;0&#8243; button_one_use_icon=&#8220;default&#8220; button_one_icon_placement=&#8220;right&#8220; button_one_on_hover=&#8220;on&#8220; button_one_letter_spacing_hover=&#8220;0&#8243; custom_button_two=&#8220;off&#8220; button_two_letter_spacing=&#8220;0&#8243; button_two_use_icon=&#8220;default&#8220; button_two_icon_placement=&#8220;right&#8220; button_two_on_hover=&#8220;on&#8220; button_two_letter_spacing_hover=&#8220;0&#8243;]<\/p>\n<p>&nbsp;<\/p>\n<p>[\/et_pb_fullwidth_header][\/et_pb_section][et_pb_section bb_built=&#8220;1&#8243; admin_label=&#8220;section&#8220; fullwidth=&#8220;off&#8220; specialty=&#8220;off&#8220; background_color=&#8220;#de007e&#8220; inner_shadow=&#8220;off&#8220; parallax=&#8220;off&#8220; transparent_background=&#8220;off&#8220; allow_player_pause=&#8220;off&#8220; parallax_method=&#8220;off&#8220; padding_mobile=&#8220;off&#8220; make_fullwidth=&#8220;off&#8220; use_custom_width=&#8220;off&#8220; width_unit=&#8220;on&#8220; make_equal=&#8220;off&#8220; use_custom_gutter=&#8220;off&#8220; custom_css_before=&#8220;content: &#8220;;|| position: absolute;|| bottom: -30px;|| left: 0;|| right: 0;|| height: 50px;||padding:0;|| background-size: 24px 48px;|| background-repeat: repeat-x;|| background-image: -webkit-linear-gradient(45deg, transparent 34%, #ffffff 34%, #ffffff 66%, transparent 66%), -webkit-linear-gradient(315deg, transparent 34%, #ffffff 34%, #ffffff 66%, transparent 66%);|| background-image: -moz-linear-gradient(45deg, transparent 34%, #ffffff 34%, #ffffff 66%, transparent 66%), -moz-linear-gradient(315deg, transparent 34%, #ffffff 34%, #ffffff 66%, transparent 66%);|| background-image: linear-gradient(45deg, transparent 34%, #ffffff 34%, #ffffff 66%, transparent 66%), linear-gradient(315deg, transparent 34%, #ffffff 34%, #ffffff 66%, transparent 66%);&#8220; custom_css_main_element=&#8220;width: 100%;|| height: 0px;|| position: relative;|| background: #ffffff;||margin-top:-90px;&#8220; disabled=&#8220;off&#8220; disabled_on=&#8220;off|off|off&#8220; module_class=&#8220;zickzack&#8220; custom_padding_tablet=&#8220;50px|0|50px|0&#8243; custom_padding_last_edited=&#8220;on|desktop&#8220; prev_background_color=&#8220;#FFFFFF&#8220; next_background_color=&#8220;#FFFFFF&#8220;][et_pb_row admin_label=&#8220;row&#8220; background_position=&#8220;top_left&#8220; background_repeat=&#8220;repeat&#8220; background_size=&#8220;initial&#8220;][et_pb_column type=&#8220;4_4&#8243;][et_pb_text admin_label=&#8220;Zickzack\u00fcbergang&#8220; background_layout=&#8220;light&#8220; text_orientation=&#8220;left&#8220; use_border_color=&#8220;off&#8220; border_color=&#8220;#ffffff&#8220; border_style=&#8220;solid&#8220; background_position=&#8220;top_left&#8220; background_repeat=&#8220;repeat&#8220; background_size=&#8220;initial&#8220;]<\/p>\n<p>&nbsp;<\/p>\n<p>[\/et_pb_text][\/et_pb_column][\/et_pb_row][\/et_pb_section][et_pb_section bb_built=&#8220;1&#8243; fullwidth=&#8220;off&#8220; specialty=&#8220;off&#8220; disabled_on=&#8220;on|on|on&#8220; disabled=&#8220;on&#8220; prev_background_color=&#8220;#de007e&#8220; next_background_color=&#8220;#ffffff&#8220;][et_pb_row][et_pb_column type=&#8220;4_4&#8243;][et_pb_text background_layout=&#8220;light&#8220; text_orientation=&#8220;left&#8220; use_border_color=&#8220;off&#8220; border_color=&#8220;#ffffff&#8220; border_style=&#8220;solid&#8220;]<\/p>\n<p>123<\/p>\n<p>[\/et_pb_text][\/et_pb_column][\/et_pb_row][\/et_pb_section][et_pb_section bb_built=&#8220;1&#8243; admin_label=&#8220;section&#8220; fullwidth=&#8220;off&#8220; specialty=&#8220;off&#8220; background_color=&#8220;#ffffff&#8220; inner_shadow=&#8220;off&#8220; parallax=&#8220;off&#8220; transparent_background=&#8220;off&#8220; allow_player_pause=&#8220;off&#8220; parallax_method=&#8220;off&#8220; padding_mobile=&#8220;off&#8220; make_fullwidth=&#8220;off&#8220; use_custom_width=&#8220;off&#8220; width_unit=&#8220;on&#8220; make_equal=&#8220;off&#8220; use_custom_gutter=&#8220;off&#8220; custom_css_before=&#8220;content: &#8220;;|| position: absolute;|| bottom: +10px;|| left: 0;|| right: 0;|| height: 50px;||padding:0;|| background-size: 24px 48px;|| background-repeat: repeat-x;|| background-image: -webkit-linear-gradient(45deg, transparent 34%, #de007e 34%, #de007e 66%, transparent 66%), -webkit-linear-gradient(315deg, transparent 34%, #de007e 34%, #de007e 66%, transparent 66%);|| background-image: -moz-linear-gradient(45deg, transparent 34%, #de007e 34%, #de007e 66%, transparent 66%), -moz-linear-gradient(315deg, transparent 34%, #de007e 34%, #de007e 66%, transparent 66%);|| background-image: linear-gradient(45deg, transparent 34%, #de007e 34%, #de007e 66%, transparent 66%), linear-gradient(315deg, transparent 34%, #de007e 34%, #de007e 66%, transparent 66%);&#8220; custom_css_main_element=&#8220;width: 100%;|| height: 0px;|| position: relative;|| background: #ffffff;||margin-top:-90px;&#8220; disabled=&#8220;on&#8220; disabled_on=&#8220;on|on|on&#8220; module_class=&#8220;zickzack&#8220; custom_padding_tablet=&#8220;50px|0|50px|0&#8243; custom_padding_last_edited=&#8220;on|desktop&#8220; prev_background_color=&#8220;#FFFFFF&#8220; next_background_color=&#8220;#FFFFFF&#8220;][et_pb_row admin_label=&#8220;row&#8220; background_position=&#8220;top_left&#8220; background_repeat=&#8220;repeat&#8220; background_size=&#8220;initial&#8220;][et_pb_column type=&#8220;4_4&#8243;][et_pb_text admin_label=&#8220;Zickzack\u00fcbergang&#8220; background_layout=&#8220;light&#8220; text_orientation=&#8220;left&#8220; use_border_color=&#8220;off&#8220; border_color=&#8220;#ffffff&#8220; border_style=&#8220;solid&#8220; background_position=&#8220;top_left&#8220; background_repeat=&#8220;repeat&#8220; background_size=&#8220;initial&#8220;]<\/p>\n<p>&nbsp;<\/p>\n<p>[\/et_pb_text][\/et_pb_column][\/et_pb_row][\/et_pb_section][et_pb_section bb_built=&#8220;1&#8243; fullwidth=&#8220;off&#8220; specialty=&#8220;off&#8220; prev_background_color=&#8220;#ffffff&#8220; next_background_color=&#8220;#037CA9&#8243;][et_pb_row background_position=&#8220;top_left&#8220; background_repeat=&#8220;repeat&#8220; background_size=&#8220;initial&#8220;][et_pb_column type=&#8220;4_4&#8243;][et_pb_text admin_label=&#8220;Text Impressum&#8220; background_layout=&#8220;light&#8220; use_border_color=&#8220;off&#8220; background_position=&#8220;top_left&#8220; background_repeat=&#8220;repeat&#8220; background_size=&#8220;initial&#8220; _builder_version=&#8220;3.0.101&#8243;]<\/p>\n<h2>Impressum<\/h2>\n<p><strong>Angaben gem\u00e4\u00df \u00a7 5 TMG:<br \/>\n<\/strong>Haug Modehaus GmbH<br \/>\nAlleenstr.54<br \/>\n73230 Kirchheim<\/p>\n<p>Telefon: 07021-97390<br \/>\nTelefax: 07021-973929<br \/>\nE-Mail: <a href=\"mailto:b.haug@haug-mode.de\">b.haug@haug-mode.de<\/a><\/p>\n<p><strong><br \/>\nVertreten durch:<\/strong><br \/>\nPia Haug<br \/>\nBeate Haug<br \/>\nKarl Haug<\/p>\n<p><strong>Registereintrag:<\/strong><br \/>\nEingetragen im Handelsregister.<br \/>\nRegistergericht: Stuttgart<br \/>\nRegisternummer: HRB 230308<\/p>\n<p><strong>Umsatzsteuer: <\/strong><br \/>\nUmsatzsteuer-Identifikationsnummer gem\u00e4\u00df \u00a727a Umsatzsteuergesetz:<br \/>\nDE 145 915 253<\/p>\n<p><strong>Streitbeilegungsverfahren nach dem Verbraucherstreitbeilegungsgesetz \u2013 VSBG:<br \/>\n<\/strong>Wir sind nicht bereit und nicht verpflichtet an Streitbeilegungsverfahren vor einer Verbraucherschlichtungsstelle teilzunehmen.<\/p>\n<p><strong>Webdesign<\/strong><a href=\"http:\/\/www.webdesign-molihua.de\/\" target=\"_blank\" rel=\"noopener\"><strong><br \/>\n<\/strong>Molihua Design<\/a> \u2013 Webdesign &amp; Multimedia<\/p>\n<p><strong>Bildquelle\u00a0<\/strong><br \/>\nStartseite,&#8220;Pink Wide Hexagon Background&#8220; | Urheber: <a href=\"https:\/\/de.fotolia.com\/id\/172079119\" target=\"_blank\" rel=\"noopener\">Vidady &#8211; Fotolia.com<\/a><br \/>\nModefotos wurden von den jeweiligen Labels \/ Marken zur Verf\u00fcgung gestellt.<\/p>\n<p><strong>Verwendete Schriften:<\/strong><\/p>\n<p>Open Sans | <a href=\"http:\/\/www.apache.org\/licenses\/LICENSE-2.0.html\">Apache License, version 2.0<\/a> (<a href=\"http:\/\/www.apache.org\/licenses\/LICENSE-2.0.html\">http:\/\/www.apache.org\/licenses\/LICENSE-2.0.html<\/a>)<br \/>\nDesigner: Steve Matteson | Alle OpenSans.ttf: Digitized data copyright 2010-2011, Google Corporation.<\/p>\n<p>Josefin Sans | <a href=\"http:\/\/scripts.sil.org\/OFL\">SIL Open Font License, 1.1<\/a> (http:\/\/scripts.sil.org\/OFL)<br \/>\nDesigner: Santiago Orozco | Alle JosefinSans.ttf: Copyright 2010 The Josefin Sans Project Authors (https:\/\/github.com\/ThomasJockin\/JosefinSansFont-master), with Reserved Font Name &#8222;Josefin Sans&#8220;.<\/p>\n<p>heruntergeladen bei: google-webfonts-helper (https:\/\/google-webfonts-helper.herokuapp.com\/fonts)<\/p>\n<p><strong>Haftung f\u00fcr Inhalte<br \/>\n<\/strong>Als Diensteanbieter sind wir gem\u00e4\u00df \u00a7 7 Abs.1 TMG f\u00fcr eigene Inhalte auf diesen Seiten nach den allgemeinen Gesetzen verantwortlich. Nach \u00a7\u00a7 8 bis 10 TMG sind wir als Diensteanbieter jedoch nicht verpflichtet, \u00fcbermittelte oder gespeicherte fremde Informationen zu \u00fcberwachen oder nach Umst\u00e4nden zu forschen, die auf eine rechtswidrige T\u00e4tigkeit hinweisen.<strong><\/p>\n<p><\/strong>Verpflichtungen zur Entfernung oder Sperrung der Nutzung von Informationen nach den allgemeinen Gesetzen bleiben hiervon unber\u00fchrt. Eine diesbez\u00fcgliche Haftung ist jedoch erst ab dem Zeitpunkt der Kenntnis einer konkreten Rechtsverletzung m\u00f6glich. Bei Bekanntwerden von entsprechenden Rechtsverletzungen werden wir diese Inhalte umgehend entfernen.<\/p>\n<p><strong>Haftung f\u00fcr Links<br \/>\n<\/strong>Unser Angebot enth\u00e4lt Links zu externen Websites Dritter, auf deren Inhalte wir keinen Einfluss haben. Deshalb k\u00f6nnen wir f\u00fcr diese fremden Inhalte auch keine Gew\u00e4hr \u00fcbernehmen. F\u00fcr die Inhalte der verlinkten Seiten ist stets der jeweilige Anbieter oder Betreiber der Seiten verantwortlich. Die verlinkten Seiten wurden zum Zeitpunkt der Verlinkung auf m\u00f6gliche Rechtsverst\u00f6\u00dfe \u00fcberpr\u00fcft. Rechtswidrige Inhalte waren zum Zeitpunkt der Verlinkung nicht erkennbar.<strong><\/p>\n<p><\/strong>Eine permanente inhaltliche Kontrolle der verlinkten Seiten ist jedoch ohne konkrete Anhaltspunkte einer Rechtsverletzung nicht zumutbar. Bei Bekanntwerden von Rechtsverletzungen werden wir derartige Links umgehend entfernen.<strong><\/p>\n<p>Urheberrecht<br \/>\n<\/strong>Die durch die Seitenbetreiber erstellten Inhalte und Werke auf diesen Seiten unterliegen dem deutschen Urheberrecht. Die Vervielf\u00e4ltigung, Bearbeitung, Verbreitung und jede Art der Verwertung au\u00dferhalb der Grenzen des Urheberrechtes bed\u00fcrfen der schriftlichen Zustimmung des jeweiligen Autors bzw. Erstellers. Downloads und Kopien dieser Seite sind nur f\u00fcr den privaten, nicht kommerziellen Gebrauch gestattet.<\/p>\n<p>Soweit die Inhalte auf dieser Seite nicht vom Betreiber erstellt wurden, werden die Urheberrechte Dritter beachtet. Insbesondere werden Inhalte Dritter als solche gekennzeichnet. Sollten Sie trotzdem auf eine Urheberrechtsverletzung aufmerksam werden, bitten wir um einen entsprechenden Hinweis. Bei Bekanntwerden von Rechtsverletzungen werden wir derartige Inhalte umgehend entfernen.<\/p>\n<p>[\/et_pb_text][\/et_pb_column][\/et_pb_row][\/et_pb_section][et_pb_section bb_built=&#8220;1&#8243; fullwidth=&#8220;off&#8220; specialty=&#8220;off&#8220; background_color=&#8220;#037CA9&#8243; inner_shadow=&#8220;off&#8220; parallax=&#8220;off&#8220; transparent_background=&#8220;off&#8220; allow_player_pause=&#8220;off&#8220; parallax_method=&#8220;off&#8220; padding_mobile=&#8220;off&#8220; make_fullwidth=&#8220;off&#8220; use_custom_width=&#8220;off&#8220; width_unit=&#8220;on&#8220; make_equal=&#8220;off&#8220; use_custom_gutter=&#8220;off&#8220; custom_css_before=&#8220;content: %22%22; ||position: absolute; || top: -25px; || left: 0; || width: 0; || height: 0; || border-left: 50px solid transparent; || border-right: 50px solid transparent; || border-bottom: 25px solid #037CA9; &#8220; custom_css_main_element=&#8220;width: 100px; || height: 60px; || background: #037CA9; || position: relative; &#8220; disabled=&#8220;on&#8220; disabled_on=&#8220;on|on|on&#8220; custom_css_after=&#8220;content: %22%22; || position: absolute; || bottom: -25px; || left: 0; || width: 0; || height: 0; || border-left: 50px solid transparent; || order-right: 50px solid transparent; || border-top: 25px solid #037CA9; &#8220; custom_padding_tablet=&#8220;50px|0|50px|0&#8243; custom_padding_last_edited=&#8220;on|desktop&#8220; prev_background_color=&#8220;#FFFFFF&#8220;][et_pb_row admin_label=&#8220;row&#8220; background_position=&#8220;top_left&#8220; background_repeat=&#8220;repeat&#8220; background_size=&#8220;initial&#8220;][et_pb_column type=&#8220;4_4&#8243;][et_pb_text admin_label=&#8220;sechsecke&#8220; background_layout=&#8220;light&#8220; text_orientation=&#8220;left&#8220; use_border_color=&#8220;off&#8220; border_color=&#8220;#ffffff&#8220; border_style=&#8220;solid&#8220;]<\/p>\n<p>&nbsp;<\/p>\n<p>[\/et_pb_text][\/et_pb_column][\/et_pb_row][\/et_pb_section]<\/p>\n","protected":false},"excerpt":{"rendered":"<p>&nbsp; &nbsp; <div class=\"et_pb_row et_pb_row_0 et_pb_row_empty\">\n\t\t\t\t\n\t\t\t\t\n\t\t\t\t\n\t\t\t\t\n\t\t\t\t\n\t\t\t<\/div> 123 &nbsp; Impressum Angaben gem\u00e4\u00df \u00a7 5 TMG: Haug Modehaus GmbH Alleenstr.54 73230 Kirchheim Telefon: 07021-97390 Telefax: 07021-973929 E-Mail: b.haug@haug-mode.de Vertreten durch: Pia Haug Beate Haug Karl Haug Registereintrag: Eingetragen im Handelsregister. Registergericht: Stuttgart Registernummer: HRB 230308 Umsatzsteuer: Umsatzsteuer-Identifikationsnummer gem\u00e4\u00df \u00a727a Umsatzsteuergesetz: DE 145 915 253 Streitbeilegungsverfahren nach dem Verbraucherstreitbeilegungsgesetz \u2013 VSBG: [&hellip;]<\/p>\n","protected":false},"author":3,"featured_media":0,"parent":0,"menu_order":110,"comment_status":"closed","ping_status":"closed","template":"","meta":{"_et_pb_use_builder":"on","_et_pb_old_content":"","_et_gb_content_width":"","footnotes":""},"class_list":["post-125","page","type-page","status-publish","hentry"],"_links":{"self":[{"href":"https:\/\/www.haug-mode.de\/index.php?rest_route=\/wp\/v2\/pages\/125","targetHints":{"allow":["GET"]}}],"collection":[{"href":"https:\/\/www.haug-mode.de\/index.php?rest_route=\/wp\/v2\/pages"}],"about":[{"href":"https:\/\/www.haug-mode.de\/index.php?rest_route=\/wp\/v2\/types\/page"}],"author":[{"embeddable":true,"href":"https:\/\/www.haug-mode.de\/index.php?rest_route=\/wp\/v2\/users\/3"}],"replies":[{"embeddable":true,"href":"https:\/\/www.haug-mode.de\/index.php?rest_route=%2Fwp%2Fv2%2Fcomments&post=125"}],"version-history":[{"count":20,"href":"https:\/\/www.haug-mode.de\/index.php?rest_route=\/wp\/v2\/pages\/125\/revisions"}],"predecessor-version":[{"id":1421,"href":"https:\/\/www.haug-mode.de\/index.php?rest_route=\/wp\/v2\/pages\/125\/revisions\/1421"}],"wp:attachment":[{"href":"https:\/\/www.haug-mode.de\/index.php?rest_route=%2Fwp%2Fv2%2Fmedia&parent=125"}],"curies":[{"name":"wp","href":"https:\/\/api.w.org\/{rel}","templated":true}]}}